y - y + n = 0. What is the tens digit of y?
0
Suppose -3*x - 31 = 5*l, -4*l + 0 = 20. Let i be (-8)/(-4*(-1)/x). Suppose -3*q + 2*d = -2*d - 70, -3*d + 60 = i*q. What is the tens digit of q?
1
Suppose 0 = 4*t + y + 13, 4*t + 3*y = -6 - 17. What is the tens digit of t - (-78 - (-3 + 6))?
7
What is the tens digit of 20/6*(-2760)/(-50)?
8
Let x(y) = -13*y - 1. Let m be x(1). Let h(c) = c + 18. Let z be h(m). Suppose z*l - 3*v = 45, -4*v - 20 = -3*l + v. What is the tens digit of l?
1
Let m(s) = s. Let l be m(6). Suppose -4*w - 2*u - 4 = -22, l = 2*u. Suppose -w*j - 4 + 19 = 0. What is the units digit of j?
5
Let o(t) = 1420*t**3 - t**2 - 2*t + 1. What is the thousands digit of o(1)?
1
Let m = 13823 + -9794. What is the tens digit of m?
2
Suppose 0 = 3*c - 0*c - 9. Suppose -4*i + 3 = -c*i, 0 = -5*x + 2*i + 19. Suppose x*y + 5*j = 140, 0 = 8*j - 3*j - 15. What is the tens digit of y?
2
Let j be 6/(-4)*6/(-3). Suppose 0 = 3*v - 5*x - 1, 3*v + 5*x - 14 = -j. Let d(n) = 5*n**3 + n**2 + 2*n - 1. What is the units digit of d(v)?
7
Suppose 271 = 3*c - 14. Suppose 2*p - 5 = c. What is the tens digit of p?
5
Let i = -69 - -551. What is the units digit of i?
2
Let m(u) = -12*u - 3. Let n be m(-10). Let g = n + -48. Suppose -s = 2*s - g. What is the units digit of s?
3
Let j(y) = -2*y**3 + y**2 - 4*y + 44. What is the thousands digit of j(-10)?
2
Let k be ((-2)/(-2) - 3) + -120. Let n = -70 - k. What is the tens digit of n?
5
Suppose -y + 3 = 2*y. Suppose 5*u = 6*u + y, -4*u = 2*v - 66. Let l = 85 - v. What is the tens digit of l?
5
Let j(i) = -i**3 + i**2 + 2*i + 2. Let r be j(-1). Suppose 4*k + 138 = -r*c, 5*c - 4*k = 3*c - 122. Let u = c - -119. What is the units digit of u?
4
Suppose 8556 = 8*o - 6708. What is the thousands digit of o?
1
Let p = -2656 - -3885. What is the tens digit of p?
2
Suppose 162 = 8*f - 1846. Suppose 0 = 3*u - 3*y - 0*y - 354, -2*u + f = -5*y. What is the tens digit of u?
1
Let m be (15 + -9)/((-3)/(-2)). Suppose 5*q + 392 = m*y, 4*y - 6*y - 5*q + 166 = 0. What is the units digit of y?
3
Suppose -3*d + 28 = 5*i, 5*d + 4 = 5*i - 16. Let a(b) = 0 - i*b + 4*b - 2*b - 2. What is the units digit of a(-9)?
5
Let w be 4 + (-2 - -1)/1. Suppose -z = 3*b - 5, -3*b + 0*b = -3. Suppose z*u + w*u - 45 = 0. What is the units digit of u?
9
Let y = -287 - -1415. What is the tens digit of y?
2
Let t(x) = 134*x**2 - 11*x - 10. What is the units digit of t(-2)?
8
Let c(l) = l + 4. Let g be c(-4). Suppose -5*k = -g*k + y - 299, 5*y - 55 = -k. Suppose -3*q = 0, 2*q + k = v + 4*v. What is the units digit of v?
2
Let m = 2201 + -2064. What is the units digit of m?
7
Suppose -o + 4*u + 1499 = 0, 41*o - 38*o + 2*u = 4441. What is the hundreds digit of o?
4
Let a(z) = -5 + 3*z + 2*z + z**2 + 4 - 11*z. Let g be a(5). What is the units digit of (-2)/g + (-145)/(-15)?
0
Let m(n) = n**2 - 35. Let c be m(6). What is the units digit of 7017/27 + (c - 8/9)?
0
Suppose 18 = 2*f - 5*r, 4*f + 0*r - 14 = -r. Suppose -f*o - 4 = -296. What is the tens digit of o?
7
Let m(t) = 198*t**2 - 7*t + 31. What is the tens digit of m(3)?
9
Let o(c) = 4*c**2 - 10*c + c**3 + 5 - 8*c - 11*c**2. Let w be o(9). Suppose -3*j + g + 16 = 0, w*g - 13 = j + g. What is the units digit of j?
7
Let o = 22 - 18. Suppose 0 = o*f + w - 256, -w = -3*f + 5*f - 130. What is the units digit of f?
3
Let t be -8*31 + (-1 - 0) + 1. Let f = -145 - t. What is the tens digit of f?
0
Let f = 348 + -206. What is the tens digit of f?
4
Suppose -c + 0 - 3 = 0, 15 = 3*n - 2*c. What is the units digit of (-4)/n + (-1288)/(-12)?
6
Let q be -3 - (-3)/((-6)/(-10)). Suppose 72 = 2*u + q*u + 4*l, -4*l + 26 = 2*u. Let d = u - 21. What is the units digit of d?
2
Let g = 46 - 43. Suppose 0 = 4*w + g*d - 513, 2*d = -2*w - 0*d + 256. What is the tens digit of w?
2
Suppose 0 = -6*b + 25 - 1. Suppose -5*t - 4 + 13 = -3*y, 0 = 3*y - 4*t + 6. Suppose -b*w = d - 65, -y*w + 35 = -2*d + 3*d. What is the units digit of w?
5
Let b = 275 - 119. What is the tens digit of b?
5
Let s(k) = -31*k - 34. What is the units digit of s(-4)?
0
Let k(x) = -244*x - 27. What is the tens digit of k(-2)?
6
Let u = -4 - -7. Suppose -u*j + 8*j = 475. What is the units digit of j?
5
Suppose t = -165 - 93. Let g = -184 - t. What is the units digit of g?
4
Let j(t) = -26*t - 13*t + 2*t. Let u(z) = 4*z - 53. Let h be u(13). What is the tens digit of j(h)?
3
Let w = -3284 + 7076. What is the hundreds digit of w?
7
Let d(l) = 2*l - 32. Let k be d(6). Suppose -5*w - 57 = 2*o + 36, -w - 25 = 2*o. Let v = w - k. What is the units digit of v?
3
Let g(u) = 8*u**2 - 1. Let o be g(-1). Suppose -o*p + 422 + 117 = 0. What is the tens digit of p?
7
Suppose -33*h = -38*h - 45. What is the units digit of -20*(-4 - h/3)?
0
Let v(n) = 15*n**3 - 9*n**2 - 4*n - 8. Let t be v(5). Suppose -6*y - 320 + t = 0. What is the hundreds digit of y?
2
Let l be 1/((-3)/(-3))*-8. Let n be (-2)/l*0 - -54. Suppose n = 3*q - 0*q. What is the tens digit of q?
1
Let r(k) = 108*k**3 - k**2 + 2*k + 2. Let n be r(-1). Let c = 38 - n. What is the units digit of c?
7
Let r(m) = 5*m + 5. What is the units digit of r(4)?
5
Suppose 2*k - 4*k + 2*b = -4590, 11467 = 5*k + 3*b. What is the thousands digit of k?
2
Let r = 18 + -14. Suppose -r*n + 97 + 35 = 0. What is the tens digit of n?
3
Let y = 1388 - 839. What is the units digit of y?
9
Let m(k) be the second derivative of k**5/20 + 5*k**4/12 - 5*k**3/6 - k**2 - 13*k. What is the tens digit of m(-4)?
3
Suppose -10*y = -3405 - 24485. What is the thousands digit of y?
2
Suppose -8*h + 139 + 29 = 0. Let g = 191 + h. What is the units digit of g?
2
Let g(l) = -32*l + 1. Let x be g(-8). Suppose -4*q = 15 + x. What is the tens digit of 2/(q/23 - -3)?
4
Let r(n) = 217*n - 299. What is the units digit of r(7)?
0
Let g = -35 - 30. Let d be ((-12)/2)/((-4)/(-66)). Let z = g - d. What is the tens digit of z?
3
Let i = 400 + 439. What is the tens digit of i?
3
Suppose 3*c - 5*c + 2*y + 734 = 0, 2*y = 5*c - 1823. What is the hundreds digit of c?
3
Suppose -3936 + 20117 = 11*r. What is the thousands digit of r?
1
Let b(f) be the first derivative of 4*f**2 + 14*f - 16. What is the tens digit of b(9)?
8
Let c(k) = 15*k - 15. Let o be c(8). Let s = o + -62. What is the tens digit of s?
4
Let z = -53 + 108. Let k = z + -10. What is the units digit of k?
5
Let o be (-2)/4 - (-565)/(-10). Let c = o - -131. What is the units digit of c?
4
Suppose 0*y + y = -1. Let p = y + 2. Suppose -28 - p = -n. What is the units digit of n?
9
Suppose 388 = -5*w + 9*w. Let v = -45 + w. What is the units digit of v?
2
Let y(j) = 4*j**2 + 6*j - 6. Let c be y(-7). Let p = c + -138. What is the units digit of p?
0
Let l(z) = z**3 + 12*z**2 - 7*z - 16. Suppose 3*s + 48 = -s. What is the tens digit of l(s)?
6
Let k be ((3 - 1) + 7)*(-2)/(-6). Let j = 414 + -253. Suppose k*h + 3*m = 162, -5*h - m + 101 = -j. What is the units digit of h?
2
Let a be 450/(-7) + 0 - 86/(-301). What is the tens digit of a/(-16) + (0 - -269)?
7
Let j = -132 - -1210. What is the hundreds digit of j?
0
Let h(m) = -m**2. Let f(r) = -5*r**2 - 14*r + 10. Let c(n) = f(n) - 4*h(n). What is the units digit of c(-7)?
9
Let g(i) be the second derivative of i**3/6 + i**2/2 + i. Let l(k) = 5*k. Let y(m) = 2*g(m) - l(m). What is the units digit of y(-3)?
1
Let x be -106*3*2/12. Let n = x + 91. What is the tens digit of n?
3
Suppose 0 = 2*k - 0 - 34. What is the units digit of 4865/119 + 2/k?
1
Let t(x) = 2*x**2 - 3*x - 3. Let v be t(-3). Let i be (-2 + 5)/(v/(-208)). Let m = i + 50. What is the tens digit of m?
2
Let i be 1776/40 + (-2)/5. Let p = i + 161. What is the hundreds digit of p?
2
Let i(z) = 25 - z**2 - 7*z + 3*z + 4*z - 2*z. What is the tens digit of i(0)?
2
Suppose 0 = g - 4, 36 = 2*h + 3*g - g. Let r = h - 23. Let t = 29 + r. What is the units digit of t?
0
Suppose 10*d = -380 + 3060. What is the tens digit of d?
6
Suppose 3*u - 2737 = 2*z, -u = 2*u + 4*z - 2725. What is the tens digit of u?
1
Let i be (-6)/(-4)*10/(-15). What is the tens digit of 1 + i/5 + 662/10?
6
Suppose -4*v + 8*z + 96 = 6*z, 2*v - 36 = 4*z. Suppose 0 = -0*o + 2*o - v. What is the units digit of o?
3
Suppose 4*k - 9*k + 15 = 0. Suppose -56 = 5*s + 4*y, y - k*y = -s. Let q(f) = -3*f + 8. What is the units digit of q(s)?
2
Suppose 0 = 